{"id":1502,"date":"2018-10-08T17:21:51","date_gmt":"2018-10-08T15:21:51","guid":{"rendered":"http:\/\/tvp.preither-garde.de\/?page_id=1502"},"modified":"2018-10-08T17:33:11","modified_gmt":"2018-10-08T15:33:11","slug":"2016-theater","status":"publish","type":"page","link":"https:\/\/tvp.preither-garde.de\/?page_id=1502","title":{"rendered":"2016 &#8211; Theater"},"content":{"rendered":"<p>Die Theatergruppe eines Dorfes ist auf der Suche nach einem neuen Theaterst\u00fcck. Der Wirt und Regisseur Wallner hat sich von verschiedenen Verlagen St\u00fccke zur Ansicht kommen lassen. Heute soll beim ersten Treffen das neue St\u00fcck bekannt gegeben werden: \u201eKathi die Saudirn\u201c, ein richtiger Schenkelklopfer. Doch die Spieler sind mit der Auswahl nicht zufrieden. Sie wollen einam etwas Anspruchsvolles spielen \u2026<\/p>\n<p><strong>von Peter Landstorfer <\/strong><br \/>\n&nbsp;<br \/>\n&nbsp;<br \/>\n&nbsp;<br \/>\n&nbsp;<\/p>\n","protected":false},"excerpt":{"rendered":"<p>Die Theatergruppe eines Dorfes ist auf der Suche nach einem neuen Theaterst\u00fcck. Der Wirt und Regisseur Wallner hat sich von verschiedenen Verlagen St\u00fccke zur Ansicht kommen lassen. Heute soll beim &#8230;<\/p>\n","protected":false},"author":1,"featured_media":0,"parent":0,"menu_order":0,"comment_status":"closed","ping_status":"closed","template":"","meta":{"ngg_post_thumbnail":0,"footnotes":""},"class_list":["post-1502","page","type-page","status-publish","hentry"],"jetpack_sharing_enabled":true,"jetpack_shortlink":"https:\/\/wp.me\/Pal68w-oe","jetpack-related-posts":[],"_links":{"self":[{"href":"https:\/\/tvp.preither-garde.de\/index.php?rest_route=\/wp\/v2\/pages\/1502","targetHints":{"allow":["GET"]}}],"collection":[{"href":"https:\/\/tvp.preither-garde.de\/index.php?rest_route=\/wp\/v2\/pages"}],"about":[{"href":"https:\/\/tvp.preither-garde.de\/index.php?rest_route=\/wp\/v2\/types\/page"}],"author":[{"embeddable":true,"href":"https:\/\/tvp.preither-garde.de\/index.php?rest_route=\/wp\/v2\/users\/1"}],"replies":[{"embeddable":true,"href":"https:\/\/tvp.preither-garde.de\/index.php?rest_route=%2Fwp%2Fv2%2Fcomments&post=1502"}],"version-history":[{"count":2,"href":"https:\/\/tvp.preither-garde.de\/index.php?rest_route=\/wp\/v2\/pages\/1502\/revisions"}],"predecessor-version":[{"id":1798,"href":"https:\/\/tvp.preither-garde.de\/index.php?rest_route=\/wp\/v2\/pages\/1502\/revisions\/1798"}],"wp:attachment":[{"href":"https:\/\/tvp.preither-garde.de\/index.php?rest_route=%2Fwp%2Fv2%2Fmedia&parent=1502"}],"curies":[{"name":"wp","href":"https:\/\/api.w.org\/{rel}","templated":true}]}}