{"id":1330,"date":"2016-08-28T20:53:34","date_gmt":"2016-08-28T18:53:34","guid":{"rendered":"http:\/\/tvp.preither-garde.de\/?page_id=1330"},"modified":"2016-10-08T19:05:23","modified_gmt":"2016-10-08T17:05:23","slug":"1995-der-rauberpfaff","status":"publish","type":"page","link":"https:\/\/tvp.preither-garde.de\/?page_id=1330","title":{"rendered":"1995 &#8211; Der Rauberpfaff"},"content":{"rendered":"<p>\nEin Zufall verhilft dem Rauberhauptmann Gust zu einem ungewollten Berufswechsel. Er wird zum neuen Pfarrer von Keitersberg. Die Rauberbraut Rothen Res macht er zur Pfarrk\u00f6chin und sein Kumpane Jakl raubt den geldigen Honoratioren ihr Schwarzgeld, w\u00e4hrend sie ahnungslos bei Gust in der Sonntagsmesse sitzen.<br \/>\nDer neue Pfarrer hat zwar mit dem Me\u00dflesen noch seine lieben Schwierigkeiten, doch wegen seiner Menschlichkeit und Leutseligkeit kommt niemandem in der Gemeinde der Verdacht, da\u00df sie einem falschen Pfarrer auf den Leim gehen. Nur einen konnte Gust nicht t\u00e4uschen, denn der ist &#8222;daf\u00fcr schon viel zulange Mesner&#8220;.\n<\/p>\n<p><strong>von Peter Landstorfer<\/strong><\/p>\n","protected":false},"excerpt":{"rendered":"<p>Ein Zufall verhilft dem Rauberhauptmann Gust zu einem ungewollten Berufswechsel. Er wird zum neuen Pfarrer von Keitersberg. Die Rauberbraut Rothen Res macht er zur Pfarrk\u00f6chin und sein Kumpane Jakl raubt &#8230;<\/p>\n","protected":false},"author":1,"featured_media":0,"parent":0,"menu_order":0,"comment_status":"closed","ping_status":"closed","template":"","meta":{"ngg_post_thumbnail":0,"jetpack_post_was_ever_published":false,"footnotes":""},"class_list":["post-1330","page","type-page","status-publish","hentry"],"jetpack_sharing_enabled":true,"jetpack_shortlink":"https:\/\/wp.me\/Pal68w-ls","jetpack-related-posts":[],"_links":{"self":[{"href":"https:\/\/tvp.preither-garde.de\/index.php?rest_route=\/wp\/v2\/pages\/1330","targetHints":{"allow":["GET"]}}],"collection":[{"href":"https:\/\/tvp.preither-garde.de\/index.php?rest_route=\/wp\/v2\/pages"}],"about":[{"href":"https:\/\/tvp.preither-garde.de\/index.php?rest_route=\/wp\/v2\/types\/page"}],"author":[{"embeddable":true,"href":"https:\/\/tvp.preither-garde.de\/index.php?rest_route=\/wp\/v2\/users\/1"}],"replies":[{"embeddable":true,"href":"https:\/\/tvp.preither-garde.de\/index.php?rest_route=%2Fwp%2Fv2%2Fcomments&post=1330"}],"version-history":[{"count":1,"href":"https:\/\/tvp.preither-garde.de\/index.php?rest_route=\/wp\/v2\/pages\/1330\/revisions"}],"predecessor-version":[{"id":1331,"href":"https:\/\/tvp.preither-garde.de\/index.php?rest_route=\/wp\/v2\/pages\/1330\/revisions\/1331"}],"wp:attachment":[{"href":"https:\/\/tvp.preither-garde.de\/index.php?rest_route=%2Fwp%2Fv2%2Fmedia&parent=1330"}],"curies":[{"name":"wp","href":"https:\/\/api.w.org\/{rel}","templated":true}]}}