{"id":1303,"date":"2016-08-28T20:44:23","date_gmt":"2016-08-28T18:44:23","guid":{"rendered":"http:\/\/tvp.preither-garde.de\/?page_id=1303"},"modified":"2016-10-08T19:05:42","modified_gmt":"2016-10-08T17:05:42","slug":"2008-wias-lafft-laffts","status":"publish","type":"page","link":"https:\/\/tvp.preither-garde.de\/?page_id=1303","title":{"rendered":"2008 &#8211; Wias lafft lafft&#8217;s"},"content":{"rendered":"<p>\nWias lafft, laffts im Leben des Wilderers Bolzen Schose. Das Einzige, was f\u00fcr ihn z\u00e4hlt ist die Wilderei und seine Wildererfreunde. Eines Tages wird er beim Wildern vom J\u00e4ger gestellt, doch sein Freund Ruppner ist schneller und rettet ihm so das Leben. Dies schwei\u00dft die Freunde noch mehr zusammen, sie schw\u00f6ren, immer f\u00fcreinander da zu sein, nichts soll jemals wichtiger sein als die Freundschaft zwischen den Wilderern. Doch wias lafft, laffts&#8230; pl\u00f6tzlich ver\u00e4ndert sich das Leben von Schose durch eine kleine Begebenheit vollkommen. Er verl\u00e4sst seine Freunde und kommt zu Ansehen und Reichtum. Seine alten Kameraden hat Schose schon bald vergessen, doch dann holt ihn seine Vergangenheit v\u00f6llig \u00fcberraschend wieder ein. Sein Freund Ruppner wird beim Wildern erwischt und Schose soll nun ueber das Schicksal seines Freundes entscheiden. Er steht vor der schwersten Entscheidung seines Lebens, doch wias lafft, laffts&#8230;, aber manchmal eben auch vollkommen verkehrt und v\u00f6llig \u00fcberraschend.\n<\/p>\n<p><strong>von Peter Landstorfer<\/strong><\/p>\n","protected":false},"excerpt":{"rendered":"<p>Wias lafft, laffts im Leben des Wilderers Bolzen Schose. Das Einzige, was f\u00fcr ihn z\u00e4hlt ist die Wilderei und seine Wildererfreunde. Eines Tages wird er beim Wildern vom J\u00e4ger gestellt, &#8230;<\/p>\n","protected":false},"author":1,"featured_media":0,"parent":0,"menu_order":0,"comment_status":"closed","ping_status":"closed","template":"","meta":{"ngg_post_thumbnail":0,"jetpack_post_was_ever_published":false,"footnotes":""},"class_list":["post-1303","page","type-page","status-publish","hentry"],"jetpack_sharing_enabled":true,"jetpack_shortlink":"https:\/\/wp.me\/Pal68w-l1","jetpack-related-posts":[],"_links":{"self":[{"href":"https:\/\/tvp.preither-garde.de\/index.php?rest_route=\/wp\/v2\/pages\/1303","targetHints":{"allow":["GET"]}}],"collection":[{"href":"https:\/\/tvp.preither-garde.de\/index.php?rest_route=\/wp\/v2\/pages"}],"about":[{"href":"https:\/\/tvp.preither-garde.de\/index.php?rest_route=\/wp\/v2\/types\/page"}],"author":[{"embeddable":true,"href":"https:\/\/tvp.preither-garde.de\/index.php?rest_route=\/wp\/v2\/users\/1"}],"replies":[{"embeddable":true,"href":"https:\/\/tvp.preither-garde.de\/index.php?rest_route=%2Fwp%2Fv2%2Fcomments&post=1303"}],"version-history":[{"count":2,"href":"https:\/\/tvp.preither-garde.de\/index.php?rest_route=\/wp\/v2\/pages\/1303\/revisions"}],"predecessor-version":[{"id":1305,"href":"https:\/\/tvp.preither-garde.de\/index.php?rest_route=\/wp\/v2\/pages\/1303\/revisions\/1305"}],"wp:attachment":[{"href":"https:\/\/tvp.preither-garde.de\/index.php?rest_route=%2Fwp%2Fv2%2Fmedia&parent=1303"}],"curies":[{"name":"wp","href":"https:\/\/api.w.org\/{rel}","templated":true}]}}