{"id":1257,"date":"2016-08-28T19:06:10","date_gmt":"2016-08-28T17:06:10","guid":{"rendered":"http:\/\/tvp.preither-garde.de\/?page_id=1257"},"modified":"2025-10-07T20:12:25","modified_gmt":"2025-10-07T18:12:25","slug":"kartenreservierung","status":"publish","type":"page","link":"https:\/\/tvp.preither-garde.de\/?page_id=1257","title":{"rendered":"Kartenreservierung"},"content":{"rendered":"<h2 style=\"text-align: center;\">Zur Kartenreservierung k\u00f6nnen Sie uns gerne unter folgender Telefonnummer erreichen:<\/h2>\n<p>&nbsp;<\/p>\n<h1 style=\"text-align: center;\">0157\/57347589<\/h1>\n<h1 style=\"text-align: center;\">ab 20.10.2025 t\u00e4glich von 17:00 &#8211; 20:00 Uhr<\/h1>\n<p>&nbsp;<\/p>\n<h2 style=\"text-align: center;\">Vielen Dank!<\/h2>\n<p>&nbsp;<\/p>\n<p>&nbsp;<\/p>\n<h5 style=\"text-align: left;\">Reservierte Karten m\u00fcssen abgenommen werden und werden dem Besteller verrechnet. Wir bitten um Verst\u00e4ndnis, dass keine speziellen Platzw\u00fcnsche entgegengenommen werden k\u00f6nnen. Die Platzeinteilung erfolgt am jeweiligen Veranstaltungstag im Theater.<\/h5>\n","protected":false},"excerpt":{"rendered":"<p>Zur Kartenreservierung k\u00f6nnen Sie uns gerne unter folgender Telefonnummer erreichen: &nbsp; 0157\/57347589 ab 20.10.2025 t\u00e4glich von 17:00 &#8211; 20:00 Uhr &nbsp; Vielen Dank! &nbsp; &nbsp; Reservierte Karten m\u00fcssen abgenommen werden &#8230;<\/p>\n","protected":false},"author":1,"featured_media":0,"parent":0,"menu_order":0,"comment_status":"closed","ping_status":"closed","template":"template-fullwidth.php","meta":{"ngg_post_thumbnail":0,"jetpack_post_was_ever_published":false,"footnotes":""},"class_list":["post-1257","page","type-page","status-publish","hentry"],"jetpack_sharing_enabled":true,"jetpack_shortlink":"https:\/\/wp.me\/Pal68w-kh","jetpack-related-posts":[],"_links":{"self":[{"href":"https:\/\/tvp.preither-garde.de\/index.php?rest_route=\/wp\/v2\/pages\/1257","targetHints":{"allow":["GET"]}}],"collection":[{"href":"https:\/\/tvp.preither-garde.de\/index.php?rest_route=\/wp\/v2\/pages"}],"about":[{"href":"https:\/\/tvp.preither-garde.de\/index.php?rest_route=\/wp\/v2\/types\/page"}],"author":[{"embeddable":true,"href":"https:\/\/tvp.preither-garde.de\/index.php?rest_route=\/wp\/v2\/users\/1"}],"replies":[{"embeddable":true,"href":"https:\/\/tvp.preither-garde.de\/index.php?rest_route=%2Fwp%2Fv2%2Fcomments&post=1257"}],"version-history":[{"count":15,"href":"https:\/\/tvp.preither-garde.de\/index.php?rest_route=\/wp\/v2\/pages\/1257\/revisions"}],"predecessor-version":[{"id":2442,"href":"https:\/\/tvp.preither-garde.de\/index.php?rest_route=\/wp\/v2\/pages\/1257\/revisions\/2442"}],"wp:attachment":[{"href":"https:\/\/tvp.preither-garde.de\/index.php?rest_route=%2Fwp%2Fv2%2Fmedia&parent=1257"}],"curies":[{"name":"wp","href":"https:\/\/api.w.org\/{rel}","templated":true}]}}

<h2 style="text-align: center;">Zur Kartenreservierung können Sie uns gerne unter folgender Telefonnummer erreichen:</h2>
<p>&nbsp;</p>
<h1 style="text-align: center;">0157/57347589</h1>
<h1 style="text-align: center;">ab 20.10.2025 täglich von 17:00 &#8211; 20:00 Uhr</h1>
<p>&nbsp;</p>
<h2 style="text-align: center;">Vielen Dank!</h2>
<p>&nbsp;</p>
<p>&nbsp;</p>
<h5 style="text-align: left;">Reservierte Karten müssen abgenommen werden und werden dem Besteller verrechnet. Wir bitten um Verständnis, dass keine speziellen Platzwünsche entgegengenommen werden können. Die Platzeinteilung erfolgt am jeweiligen Veranstaltungstag im Theater.</h5>

<p>Zur Kartenreservierung können Sie uns gerne unter folgender Telefonnummer erreichen: &nbsp; 0157/57347589 ab 20.10.2025 täglich von 17:00 &#8211; 20:00 Uhr &nbsp; Vielen Dank! &nbsp; &nbsp; Reservierte Karten müssen abgenommen werden &#8230;</p>
