{"id":1255,"date":"2016-08-28T19:01:19","date_gmt":"2016-08-28T17:01:19","guid":{"rendered":"http:\/\/tvp.preither-garde.de\/?page_id=1255"},"modified":"2016-10-08T19:05:42","modified_gmt":"2016-10-08T17:05:42","slug":"2012-da-pfenningfuchser","status":"publish","type":"page","link":"https:\/\/tvp.preither-garde.de\/?page_id=1255","title":{"rendered":"2012 \u2013 Da Pfenningfuchser"},"content":{"rendered":"<p>T\u00e4glich sein Geld z\u00e4hlen, das Lebenselixier des Pfenningfuchsers. Gro\u00dfz\u00fcgigkeit, Spendenbereitschaft, Zahlungsmoral, solche W\u00f6rter kennt er noch nicht mal aus dem W\u00f6rterbuch. Doch sein Geiz wird ihm zum Verh\u00e4ngnis. Er verletzt sich an seinem Fu\u00df an einem nicht gerichteten Zaun &#8211; das w\u00e4re ja auch viel zu teuer gewesen! Der Bader kommt eilig zur Hilfe und kuriert durch einen listigen Trick nicht nur dessen Fu\u00df, sondern auch dessen gesamte Lebenseinstellung.<\/p>\n<p><strong>von Peter Landstorfer <\/strong><\/p>\n","protected":false},"excerpt":{"rendered":"<p>T\u00e4glich sein Geld z\u00e4hlen, das Lebenselixier des Pfenningfuchsers. Gro\u00dfz\u00fcgigkeit, Spendenbereitschaft, Zahlungsmoral, solche W\u00f6rter kennt er noch nicht mal aus dem W\u00f6rterbuch. Doch sein Geiz wird ihm zum Verh\u00e4ngnis. Er verletzt &#8230;<\/p>\n","protected":false},"author":1,"featured_media":0,"parent":0,"menu_order":0,"comment_status":"closed","ping_status":"closed","template":"","meta":{"ngg_post_thumbnail":0,"jetpack_post_was_ever_published":false,"footnotes":""},"class_list":["post-1255","page","type-page","status-publish","hentry"],"jetpack_sharing_enabled":true,"jetpack_shortlink":"https:\/\/wp.me\/Pal68w-kf","jetpack-related-posts":[],"_links":{"self":[{"href":"https:\/\/tvp.preither-garde.de\/index.php?rest_route=\/wp\/v2\/pages\/1255","targetHints":{"allow":["GET"]}}],"collection":[{"href":"https:\/\/tvp.preither-garde.de\/index.php?rest_route=\/wp\/v2\/pages"}],"about":[{"href":"https:\/\/tvp.preither-garde.de\/index.php?rest_route=\/wp\/v2\/types\/page"}],"author":[{"embeddable":true,"href":"https:\/\/tvp.preither-garde.de\/index.php?rest_route=\/wp\/v2\/users\/1"}],"replies":[{"embeddable":true,"href":"https:\/\/tvp.preither-garde.de\/index.php?rest_route=%2Fwp%2Fv2%2Fcomments&post=1255"}],"version-history":[{"count":13,"href":"https:\/\/tvp.preither-garde.de\/index.php?rest_route=\/wp\/v2\/pages\/1255\/revisions"}],"predecessor-version":[{"id":1277,"href":"https:\/\/tvp.preither-garde.de\/index.php?rest_route=\/wp\/v2\/pages\/1255\/revisions\/1277"}],"wp:attachment":[{"href":"https:\/\/tvp.preither-garde.de\/index.php?rest_route=%2Fwp%2Fv2%2Fmedia&parent=1255"}],"curies":[{"name":"wp","href":"https:\/\/api.w.org\/{rel}","templated":true}]}}